{"id":5459,"date":"2026-01-19T13:56:48","date_gmt":"2026-01-19T13:56:48","guid":{"rendered":"https:\/\/bp-soroca.md\/?page_id=5459"},"modified":"2026-03-26T09:11:31","modified_gmt":"2026-03-26T09:11:31","slug":"2026-2","status":"publish","type":"page","link":"https:\/\/bp-soroca.md\/index.php\/2026-2\/","title":{"rendered":"2026"},"content":{"rendered":"<p>Views: 19<\/p>\n<p class=\"has-text-align-center\"><strong>\u201eCuriozit\u0103\u021bi pe care nu le \u0219tiai despre scriitorul preferat \u2013 Ana Blandiana\u201d \/ VIDEO<\/strong><\/p>\n\n\n\n<figure class=\"wp-block-embed is-type-video is-provider-youtube wp-block-embed-youtube wp-embed-aspect-16-9 wp-has-aspect-ratio\"><div class=\"wp-block-embed__wrapper\">\n<iframe loading=\"lazy\" title=\"Curiozit\u0103\u021bi despre Ana Blandiana\" width=\"840\" height=\"473\" src=\"https:\/\/www.youtube.com\/embed\/SaB-hiI2Lsk?feature=oembed\" frameborder=\"0\" allow=\"accelerometer; autoplay; clipboard-write; encrypted-media; gyroscope; picture-in-picture; web-share\" referrerpolicy=\"strict-origin-when-cross-origin\" allowfullscreen><\/iframe>\n<\/div><\/figure>\n\n\n\n<p class=\"has-text-align-center\"><strong>Ziua Poeziei la Soroca: recitaluri \u0219i emo\u021bii \/ VIDEO<\/strong><\/p>\n\n\n\n<figure class=\"wp-block-embed is-type-video is-provider-youtube wp-block-embed-youtube wp-embed-aspect-16-9 wp-has-aspect-ratio\"><div class=\"wp-block-embed__wrapper\">\n<iframe loading=\"lazy\" title=\"Ziua Poeziei la Soroca: recitaluri \u0219i emo\u021bii\" width=\"840\" height=\"473\" src=\"https:\/\/www.youtube.com\/embed\/LtuSYsrYDMA?feature=oembed\" frameborder=\"0\" allow=\"accelerometer; autoplay; clipboard-write; encrypted-media; gyroscope; picture-in-picture; web-share\" referrerpolicy=\"strict-origin-when-cross-origin\" allowfullscreen><\/iframe>\n<\/div><\/figure>\n\n\n\n<p class=\"has-text-align-center\"><strong>\u201eCuriozit\u0103\u021bi pe care nu le \u0219tiai despre scriitorul preferat \u2013 Mircea Eliade\u201d \/ VIDEO<\/strong><\/p>\n\n\n\n<figure class=\"wp-block-embed is-type-video is-provider-youtube wp-block-embed-youtube wp-embed-aspect-16-9 wp-has-aspect-ratio\"><div class=\"wp-block-embed__wrapper\">\n<iframe loading=\"lazy\" title=\"Curiozit\u0103\u021bi despre Mircea Eliade\" width=\"840\" height=\"473\" src=\"https:\/\/www.youtube.com\/embed\/LEP-ulisSUc?feature=oembed\" frameborder=\"0\" allow=\"accelerometer; autoplay; clipboard-write; encrypted-media; gyroscope; picture-in-picture; web-share\" referrerpolicy=\"strict-origin-when-cross-origin\" allowfullscreen><\/iframe>\n<\/div><\/figure>\n\n\n\n<p class=\"has-text-align-center\"><strong>Trei c\u0103r\u021bi pentru copii, recomandate de Nadejda Rusu, bibliotecar\u0103 la Biblioteca pentru Copii \u201eSteliana Grama\u201d \/ VIDEO<\/strong><\/p>\n\n\n\n<figure class=\"wp-block-embed is-type-video is-provider-youtube wp-block-embed-youtube wp-embed-aspect-16-9 wp-has-aspect-ratio\"><div class=\"wp-block-embed__wrapper\">\n<iframe loading=\"lazy\" title=\"Copiii \u0219i lectura, trei recomand\u0103ri de la bibliotecara Nadejda Rusu\" width=\"840\" height=\"473\" src=\"https:\/\/www.youtube.com\/embed\/yK2usIvtaEU?feature=oembed\" frameborder=\"0\" allow=\"accelerometer; autoplay; clipboard-write; encrypted-media; gyroscope; picture-in-picture; web-share\" referrerpolicy=\"strict-origin-when-cross-origin\" allowfullscreen><\/iframe>\n<\/div><\/figure>\n\n\n\n<p class=\"has-text-align-center\"><strong>Prim\u0103vara, s\u0103rb\u0103torit\u0103 prin muzic\u0103 la filiala pentru copii \u201eSteliana Grama\u201d.<\/strong><\/p>\n\n\n\n<figure class=\"wp-block-embed is-type-video is-provider-youtube wp-block-embed-youtube wp-embed-aspect-16-9 wp-has-aspect-ratio\"><div class=\"wp-block-embed__wrapper\">\n<iframe loading=\"lazy\" title=\"Prim\u0103var\u0103 s\u0103rb\u0103torit\u0103 la biblioteca \u201cSteliana Grama\u201d din Soroca\" width=\"840\" height=\"473\" src=\"https:\/\/www.youtube.com\/embed\/H-V6LxXBEms?feature=oembed\" frameborder=\"0\" allow=\"accelerometer; autoplay; clipboard-write; encrypted-media; gyroscope; picture-in-picture; web-share\" referrerpolicy=\"strict-origin-when-cross-origin\" allowfullscreen><\/iframe>\n<\/div><\/figure>\n\n\n\n<p class=\"has-text-align-center\"><strong>Cum v\u0103d b\u0103rba\u021bii dragostea? \/ VIDEO<\/strong><\/p>\n\n\n\n<figure class=\"wp-block-embed is-type-video is-provider-youtube wp-block-embed-youtube wp-embed-aspect-16-9 wp-has-aspect-ratio\"><div class=\"wp-block-embed__wrapper\">\n<iframe loading=\"lazy\" title=\"Cum v\u0103d b\u01cerba\u021bii dragostea\" width=\"840\" height=\"473\" src=\"https:\/\/www.youtube.com\/embed\/28ziNZoQKWc?feature=oembed\" frameborder=\"0\" allow=\"accelerometer; autoplay; clipboard-write; encrypted-media; gyroscope; picture-in-picture; web-share\" referrerpolicy=\"strict-origin-when-cross-origin\" allowfullscreen><\/iframe>\n<\/div><\/figure>\n\n\n\n<p class=\"has-text-align-center\"><strong>Lansarea proiectului pentru autonomia fetelor \u0219i femeilor<\/strong><\/p>\n\n\n\n<p class=\"has-text-align-center\">16 februarie 2026<\/p>\n\n\n\n<figure class=\"wp-block-embed is-type-video is-provider-youtube wp-block-embed-youtube wp-embed-aspect-16-9 wp-has-aspect-ratio\"><div class=\"wp-block-embed__wrapper\">\n<iframe loading=\"lazy\" title=\"Lansarea proiectului pentru autonomia fetelor si femeilor\" width=\"840\" height=\"473\" src=\"https:\/\/www.youtube.com\/embed\/QbYfz8mifgU?feature=oembed\" frameborder=\"0\" allow=\"accelerometer; autoplay; clipboard-write; encrypted-media; gyroscope; picture-in-picture; web-share\" referrerpolicy=\"strict-origin-when-cross-origin\" allowfullscreen><\/iframe>\n<\/div><\/figure>\n\n\n\n<p class=\"has-text-align-center\">\u00cen data de 13 februarie 2026 la Biblioteca Municipal\u0103 \u201eMihail Sadoveanu\u201d a avut loc lansarea volumelor semnate de preotul Mihail Milea, cunoscut \u00een spa\u021biul literar sub pseudonimul Sava Bogasiu (secven\u021be video)<\/p>\n\n\n\n<figure class=\"wp-block-video\"><video controls src=\"https:\/\/bp-soroca.md\/wp-content\/uploads\/2026\/02\/FDownloader.Net_AQPH_rprRixKskJgbE9IMUApi9LYWmM5JNGc9j-4W-9aMvRj3rUTBEAWeckmIrgABnBEeSMUUVlSGuAgJPyH2MQ0T1ya1yQe2_9utLVfHGgrlQ_720p_HD.mp4\"><\/video><\/figure>\n\n\n\n<figure class=\"wp-block-embed is-type-video is-provider-youtube wp-block-embed-youtube wp-embed-aspect-16-9 wp-has-aspect-ratio\"><div class=\"wp-block-embed__wrapper\">\n<iframe loading=\"lazy\" title=\"Lansare carte la Soroca\" width=\"840\" height=\"473\" src=\"https:\/\/www.youtube.com\/embed\/FiPjrnRdjf8?feature=oembed\" frameborder=\"0\" allow=\"accelerometer; autoplay; clipboard-write; encrypted-media; gyroscope; picture-in-picture; web-share\" referrerpolicy=\"strict-origin-when-cross-origin\" allowfullscreen><\/iframe>\n<\/div><\/figure>\n\n\n\n<p class=\"has-text-align-center\"><strong>\u201eCuriozit\u0103\u021bi pe care nu le \u0219tiai despre scriitorul preferat \u2013 Grigore Vieru\u201d \/ VIDEO<\/strong><\/p>\n\n\n\n<figure class=\"wp-block-video\"><video controls src=\"https:\/\/bp-soroca.md\/wp-content\/uploads\/2026\/02\/40bc30d3-91f5-4c0a-8725-3090d308267d-1.mp4\"><\/video><\/figure>\n\n\n\n<p class=\"has-text-align-center\"><strong>Biblioteca Municipal\u0103 \u201eMihail Sadoveanu\u201d Soroca&nbsp;\u0219i filialele sale au celebrat Ziua Na\u021bional\u0103 a Lecturii<\/strong><\/p>\n\n\n\n<figure class=\"wp-block-embed is-type-video is-provider-youtube wp-block-embed-youtube wp-embed-aspect-16-9 wp-has-aspect-ratio\"><div class=\"wp-block-embed__wrapper\">\n<iframe loading=\"lazy\" title=\"Biblio-cafenea \u201cS\u01ce descoperim lumea prin carte\u201d\" width=\"840\" height=\"473\" src=\"https:\/\/www.youtube.com\/embed\/vG-NmhyVzCg?feature=oembed\" frameborder=\"0\" allow=\"accelerometer; autoplay; clipboard-write; encrypted-media; gyroscope; picture-in-picture; web-share\" referrerpolicy=\"strict-origin-when-cross-origin\" allowfullscreen><\/iframe>\n<\/div><\/figure>\n\n\n\n<p class=\"has-text-align-center\">Ziua Siguran\u021bei pe Internet<\/p>\n\n\n\n<figure class=\"wp-block-embed is-type-video is-provider-youtube wp-block-embed-youtube wp-embed-aspect-16-9 wp-has-aspect-ratio\"><div class=\"wp-block-embed__wrapper\">\n<iframe loading=\"lazy\" title=\"Siguran\u021ba online \u00eencepe cu informarea \" width=\"840\" height=\"473\" src=\"https:\/\/www.youtube.com\/embed\/1c0JATwh0h4?feature=oembed\" frameborder=\"0\" allow=\"accelerometer; autoplay; clipboard-write; encrypted-media; gyroscope; picture-in-picture; web-share\" referrerpolicy=\"strict-origin-when-cross-origin\" allowfullscreen><\/iframe>\n<\/div><\/figure>\n\n\n\n<p class=\"has-text-align-center\">Soroca: Dansul &#8211; o form\u0103 de terapie pentru v\u00e2rsta a treia<\/p>\n\n\n\n<figure class=\"wp-block-embed is-type-video is-provider-youtube wp-block-embed-youtube wp-embed-aspect-16-9 wp-has-aspect-ratio\"><div class=\"wp-block-embed__wrapper\">\n<iframe loading=\"lazy\" title=\"Soroca: Dansul - o form\u0103 de terapie pentru v\u00e2rsta a treia\" width=\"840\" height=\"473\" src=\"https:\/\/www.youtube.com\/embed\/vsOCavkuP6A?feature=oembed\" frameborder=\"0\" allow=\"accelerometer; autoplay; clipboard-write; encrypted-media; gyroscope; picture-in-picture; web-share\" referrerpolicy=\"strict-origin-when-cross-origin\" allowfullscreen><\/iframe>\n<\/div><\/figure>\n\n\n\n<figure class=\"wp-block-video\"><video controls src=\"https:\/\/bp-soroca.md\/wp-content\/uploads\/2026\/02\/FDownloader.Net_AQPvkJjnBna_ky3CSqtynpkUL-6oy_JzAvZK1oa1WUipW8cUgUS4MPl3CXHo1BcQmAxkbAy12dgAN-qJm2mrVhdAP8koAxCrT2ijCspa7NyCRA_720p_HD.mp4\"><\/video><\/figure>\n\n\n\n<p class=\"has-text-align-center\"><a href=\"https:\/\/bibsadoveanusoroca.wordpress.com\/2026\/01\/22\/cuvinte-care-educa-varste-care-inspira\/\">Cuvinte care educ\u0103, v\u00e2rste care inspir\u0103!<\/a><\/p>\n\n\n\n<figure class=\"wp-block-video\"><video controls src=\"https:\/\/bp-soroca.md\/wp-content\/uploads\/2026\/01\/FDownloader.Net_AQMaueRqeWzbPLMlQ-petor2y-n0NB0yt2V6mK1g_6psVxk7xf6GJVAb0uRu014fTBsZOB9LhcRyiIV4hR1Qq8Gbi00-5Fy6J5wXr01AzFmceA_720p_HD.mp4\"><\/video><\/figure>\n\n\n\n<p class=\"has-text-align-center\"><strong>\u201eBookUp \u2013 cre\u0219tem prin lectur\u0103\u201d<\/strong>, <\/p>\n\n\n\n<p class=\"has-text-align-center\">parte a Programului&nbsp;<strong>\u201eLectur\u0103 pentru via\u021b\u0103 \u2013 MindBook &amp; Bookup\u201d<\/strong><\/p>\n\n\n\n<figure class=\"wp-block-video\"><video controls src=\"https:\/\/bp-soroca.md\/wp-content\/uploads\/2026\/01\/FDownloader.Net_AQPSw9T7OjC9-4gUXbNuPebFcUZ7L_vwIa7X_s5U9qh7_ucyO00dylInmJtBhFSnDfe9maY8Z_CH2PrPdrDCL5zry12mwIv06CL4o08lQNwwTQ_720p_HD.mp4\"><\/video><\/figure>\n","protected":false},"excerpt":{"rendered":"<p>Views: 19 \u201eCuriozit\u0103\u021bi pe care nu le \u0219tiai despre scriitorul preferat \u2013 Ana Blandiana\u201d \/ VIDEO Ziua Poeziei la Soroca: recitaluri \u0219i emo\u021bii \/ VIDEO \u201eCuriozit\u0103\u021bi pe care nu le \u0219tiai despre scriitorul preferat \u2013 Mircea Eliade\u201d \/ VIDEO Trei c\u0103r\u021bi pentru copii, recomandate de Nadejda Rusu, bibliotecar\u0103 la Biblioteca pentru Copii \u201eSteliana Grama\u201d \/ &hellip; <a href=\"https:\/\/bp-soroca.md\/index.php\/2026-2\/\" class=\"more-link\">Continu\u0103 lectura<span class=\"screen-reader-text\"> \u201e2026\u201d<\/span><\/a><\/p>\n","protected":false},"author":1,"featured_media":0,"parent":0,"menu_order":0,"comment_status":"closed","ping_status":"closed","template":"","meta":{"footnotes":""},"class_list":["post-5459","page","type-page","status-publish","hentry"],"jetpack-related-posts":[],"jetpack_shortlink":"https:\/\/wp.me\/PeU1WV-1q3","jetpack_sharing_enabled":true,"_links":{"self":[{"href":"https:\/\/bp-soroca.md\/index.php\/wp-json\/wp\/v2\/pages\/5459","targetHints":{"allow":["GET"]}}],"collection":[{"href":"https:\/\/bp-soroca.md\/index.php\/wp-json\/wp\/v2\/pages"}],"about":[{"href":"https:\/\/bp-soroca.md\/index.php\/wp-json\/wp\/v2\/types\/page"}],"author":[{"embeddable":true,"href":"https:\/\/bp-soroca.md\/index.php\/wp-json\/wp\/v2\/users\/1"}],"replies":[{"embeddable":true,"href":"https:\/\/bp-soroca.md\/index.php\/wp-json\/wp\/v2\/comments?post=5459"}],"version-history":[{"count":13,"href":"https:\/\/bp-soroca.md\/index.php\/wp-json\/wp\/v2\/pages\/5459\/revisions"}],"predecessor-version":[{"id":5833,"href":"https:\/\/bp-soroca.md\/index.php\/wp-json\/wp\/v2\/pages\/5459\/revisions\/5833"}],"wp:attachment":[{"href":"https:\/\/bp-soroca.md\/index.php\/wp-json\/wp\/v2\/media?parent=5459"}],"curies":[{"name":"wp","href":"https:\/\/api.w.org\/{rel}","templated":true}]}}