{"id":5745,"date":"2026-02-23T15:15:18","date_gmt":"2026-02-23T15:15:18","guid":{"rendered":"https:\/\/bp-soroca.md\/?page_id=5745"},"modified":"2026-02-23T15:15:18","modified_gmt":"2026-02-23T15:15:18","slug":"reteaua-fetelor-neinfricate","status":"publish","type":"page","link":"https:\/\/bp-soroca.md\/index.php\/reteaua-fetelor-neinfricate\/","title":{"rendered":"Re\u021beaua Fetelor Ne\u00eenfricate"},"content":{"rendered":"<p>Views: 3<\/p>\n<figure class=\"wp-block-embed is-type-wp-embed is-provider-biblioteca-municipal-mihail-sadoveanu-soroca wp-block-embed-biblioteca-municipal-mihail-sadoveanu-soroca\"><div class=\"wp-block-embed__wrapper\">\n<blockquote class=\"wp-embedded-content\" data-secret=\"3eW5KHDcaM\"><a href=\"https:\/\/bibsadoveanusoroca.wordpress.com\/2024\/12\/17\/intalnire-de-final-reteaua-fetelor-neinfricate\/\">\u201e\u00cent\u00e2lnire de final \u201eRe\u021beaua Fetelor&nbsp;Ne\u00eenfricate\u201d<\/a><\/blockquote><iframe loading=\"lazy\" class=\"wp-embedded-content\" sandbox=\"allow-scripts\" security=\"restricted\" style=\"position: absolute; visibility: hidden;\" title=\"&#8222;\u201e\u00cent\u00e2lnire de final \u201eRe\u021beaua Fetelor&nbsp;Ne\u00eenfricate\u201d&#8221; &#8211; Biblioteca Municipal\u0103   \u201eMihail Sadoveanu\u201d, Soroca\" src=\"https:\/\/bibsadoveanusoroca.wordpress.com\/2024\/12\/17\/intalnire-de-final-reteaua-fetelor-neinfricate\/embed\/#?secret=2A5DUbDvcC#?secret=3eW5KHDcaM\" data-secret=\"3eW5KHDcaM\" width=\"600\" height=\"338\" frameborder=\"0\" marginwidth=\"0\" marginheight=\"0\" scrolling=\"no\"><\/iframe>\n<\/div><\/figure>\n\n\n\n<figure class=\"wp-block-embed is-type-wp-embed is-provider-biblioteca-municipal-mihail-sadoveanu-soroca wp-block-embed-biblioteca-municipal-mihail-sadoveanu-soroca\"><div class=\"wp-block-embed__wrapper\">\n<blockquote class=\"wp-embedded-content\" data-secret=\"yVWmv50X9R\"><a href=\"https:\/\/bibsadoveanusoroca.wordpress.com\/2024\/11\/07\/reteaua-fetelor-neinfricate\/\">Re\u021beaua Fetelor Ne\u00eenfricate<\/a><\/blockquote><iframe loading=\"lazy\" class=\"wp-embedded-content\" sandbox=\"allow-scripts\" security=\"restricted\" style=\"position: absolute; visibility: hidden;\" title=\"&#8222;Re\u021beaua Fetelor Ne\u00eenfricate&#8221; &#8211; Biblioteca Municipal\u0103   \u201eMihail Sadoveanu\u201d, Soroca\" src=\"https:\/\/bibsadoveanusoroca.wordpress.com\/2024\/11\/07\/reteaua-fetelor-neinfricate\/embed\/#?secret=aKRyRiQKts#?secret=yVWmv50X9R\" data-secret=\"yVWmv50X9R\" width=\"600\" height=\"338\" frameborder=\"0\" marginwidth=\"0\" marginheight=\"0\" scrolling=\"no\"><\/iframe>\n<\/div><\/figure>\n\n\n\n<figure class=\"wp-block-embed is-type-wp-embed is-provider-biblioteca-municipal-mihail-sadoveanu-soroca wp-block-embed-biblioteca-municipal-mihail-sadoveanu-soroca\"><div class=\"wp-block-embed__wrapper\">\n<blockquote class=\"wp-embedded-content\" data-secret=\"OC66eCXDer\"><a href=\"https:\/\/bibsadoveanusoroca.wordpress.com\/2024\/10\/31\/gandeste-rational-traieste-fericit\/\">G\u00e2nde\u0219te ra\u021bional, tr\u0103ie\u0219te&nbsp;fericit!<\/a><\/blockquote><iframe loading=\"lazy\" class=\"wp-embedded-content\" sandbox=\"allow-scripts\" security=\"restricted\" style=\"position: absolute; visibility: hidden;\" title=\"&#8222;G\u00e2nde\u0219te ra\u021bional, tr\u0103ie\u0219te&nbsp;fericit!&#8221; &#8211; Biblioteca Municipal\u0103   \u201eMihail Sadoveanu\u201d, Soroca\" src=\"https:\/\/bibsadoveanusoroca.wordpress.com\/2024\/10\/31\/gandeste-rational-traieste-fericit\/embed\/#?secret=GHUFO96koB#?secret=OC66eCXDer\" data-secret=\"OC66eCXDer\" width=\"600\" height=\"338\" frameborder=\"0\" marginwidth=\"0\" marginheight=\"0\" scrolling=\"no\"><\/iframe>\n<\/div><\/figure>\n\n\n\n<figure class=\"wp-block-embed is-type-wp-embed is-provider-biblioteca-municipal-mihail-sadoveanu-soroca wp-block-embed-biblioteca-municipal-mihail-sadoveanu-soroca\"><div class=\"wp-block-embed__wrapper\">\n<blockquote class=\"wp-embedded-content\" data-secret=\"mY91a7Th6T\"><a href=\"https:\/\/bibsadoveanusoroca.wordpress.com\/2024\/05\/30\/modelam-atitudini-de-viata-la-biblioteca\/\">MODEL\u0102M ATITUDINI DE VIA\u0162\u0102 LA&nbsp;BIBLIOTEC\u0102<\/a><\/blockquote><iframe loading=\"lazy\" class=\"wp-embedded-content\" sandbox=\"allow-scripts\" security=\"restricted\" style=\"position: absolute; visibility: hidden;\" title=\"&#8222;MODEL\u0102M ATITUDINI DE VIA\u0162\u0102 LA&nbsp;BIBLIOTEC\u0102&#8221; &#8211; Biblioteca Municipal\u0103   \u201eMihail Sadoveanu\u201d, Soroca\" src=\"https:\/\/bibsadoveanusoroca.wordpress.com\/2024\/05\/30\/modelam-atitudini-de-viata-la-biblioteca\/embed\/#?secret=ayDYjGHWPy#?secret=mY91a7Th6T\" data-secret=\"mY91a7Th6T\" width=\"600\" height=\"338\" frameborder=\"0\" marginwidth=\"0\" marginheight=\"0\" scrolling=\"no\"><\/iframe>\n<\/div><\/figure>\n","protected":false},"excerpt":{"rendered":"<p>Views: 3<\/p>\n","protected":false},"author":1,"featured_media":0,"parent":0,"menu_order":0,"comment_status":"closed","ping_status":"closed","template":"","meta":{"footnotes":""},"class_list":["post-5745","page","type-page","status-publish","hentry"],"jetpack-related-posts":[],"jetpack_shortlink":"https:\/\/wp.me\/PeU1WV-1uF","jetpack_sharing_enabled":true,"_links":{"self":[{"href":"https:\/\/bp-soroca.md\/index.php\/wp-json\/wp\/v2\/pages\/5745","targetHints":{"allow":["GET"]}}],"collection":[{"href":"https:\/\/bp-soroca.md\/index.php\/wp-json\/wp\/v2\/pages"}],"about":[{"href":"https:\/\/bp-soroca.md\/index.php\/wp-json\/wp\/v2\/types\/page"}],"author":[{"embeddable":true,"href":"https:\/\/bp-soroca.md\/index.php\/wp-json\/wp\/v2\/users\/1"}],"replies":[{"embeddable":true,"href":"https:\/\/bp-soroca.md\/index.php\/wp-json\/wp\/v2\/comments?post=5745"}],"version-history":[{"count":1,"href":"https:\/\/bp-soroca.md\/index.php\/wp-json\/wp\/v2\/pages\/5745\/revisions"}],"predecessor-version":[{"id":5746,"href":"https:\/\/bp-soroca.md\/index.php\/wp-json\/wp\/v2\/pages\/5745\/revisions\/5746"}],"wp:attachment":[{"href":"https:\/\/bp-soroca.md\/index.php\/wp-json\/wp\/v2\/media?parent=5745"}],"curies":[{"name":"wp","href":"https:\/\/api.w.org\/{rel}","templated":true}]}}