{"id":96,"date":"2018-07-06T05:11:39","date_gmt":"2018-07-06T05:11:39","guid":{"rendered":"http:\/\/bp-soroca.md\/?page_id=96"},"modified":"2026-03-27T13:50:07","modified_gmt":"2026-03-27T13:50:07","slug":"servicii","status":"publish","type":"page","link":"https:\/\/bp-soroca.md\/index.php\/servicii\/","title":{"rendered":"Servicii"},"content":{"rendered":"<p>Views: 773<\/p>\n<div data-wp-interactive=\"core\/file\" class=\"wp-block-file\"><object data-wp-bind--hidden=\"!state.hasPdfPreview\" hidden class=\"wp-block-file__embed\" data=\"https:\/\/bp-soroca.md\/wp-content\/uploads\/2021\/10\/Regulament-prestare-servicii.pdf\" type=\"application\/pdf\" style=\"width:100%;height:600px\" aria-label=\"\u00cenglobare pentru Regulament prestare servicii.\"><\/object><a id=\"wp-block-file--media-2cea5c27-31d5-477a-a2e3-201d0546af62\" href=\"https:\/\/bp-soroca.md\/wp-content\/uploads\/2021\/10\/Regulament-prestare-servicii.pdf\">Regulament prestare servicii<\/a><a href=\"https:\/\/bp-soroca.md\/wp-content\/uploads\/2021\/10\/Regulament-prestare-servicii.pdf\" class=\"wp-block-file__button wp-element-button\" download aria-describedby=\"wp-block-file--media-2cea5c27-31d5-477a-a2e3-201d0546af62\">Descarc\u0103<\/a><\/div>\n\n\n\n<div class=\"_df_thumb \" id=\"df_5843\"  _slug=\"curiozitati-despre-personalitati\" data-title=\"curiozitati-despre-personalitati\" wpoptions=\"true\" thumb=\"https:\/\/bp-soroca.md\/wp-content\/uploads\/2026\/03\/Captura-de-ecran-2026-03-27-154915.png\" thumbtype=\"\" >Curiozit\u0103\u021bi despre personalit\u0103\u021bi<\/div><script class=\"df-shortcode-script\" nowprocket type=\"application\/javascript\">window.option_df_5843 = {\"outline\":[],\"autoEnableOutline\":\"false\",\"autoEnableThumbnail\":\"false\",\"overwritePDFOutline\":\"false\",\"direction\":\"1\",\"pageSize\":\"0\",\"source\":\"https:\\\/\\\/bp-soroca.md\\\/wp-content\\\/uploads\\\/2026\\\/03\\\/Curiozitati-despre-personalitati.pdf\",\"wpOptions\":\"true\"}; if(window.DFLIP && window.DFLIP.parseBooks){window.DFLIP.parseBooks();}<\/script>\n\n\n<\/p>\n<ul>\n<li><span style=\"font-family: arial, helvetica, sans-serif; font-size: 10pt;\">Clubul amatorilor de\u00a0flori \u201eFloarea albastr\u0103\u201d:<strong><span style=\"color: #0000ff;\"> <a style=\"color: #0000ff;\" href=\"http:\/\/floarealbastrasoroca.wordpress.com\/\" target=\"_blank\" rel=\"noopener noreferrer\">http:\/\/floarealbastrasoroca.wordpress.com\/<\/a><\/span><\/strong><\/span><\/li>\n<li><span style=\"font-family: arial, helvetica, sans-serif; font-size: 10pt;\">Cursuri de\u00a0instruire\u00a0IT cu\u00a0bibliotecarii:<strong><span style=\"color: #0000ff;\"> <div class=\"_df_book df-lite\" id=\"df_2852\"  _slug=\"cursuri-it-cu-bibliotecarii-soroceni\" data-title=\"cursuri-it-cu-bibliotecarii-soroceni\" wpoptions=\"true\" thumbtype=\"\" ><\/div><script class=\"df-shortcode-script\" nowprocket type=\"application\/javascript\">window.option_df_2852 = {\"outline\":[],\"autoEnableOutline\":\"false\",\"autoEnableThumbnail\":\"false\",\"overwritePDFOutline\":\"false\",\"direction\":\"1\",\"pageSize\":\"0\",\"source\":\"https:\\\/\\\/bp-soroca.md\\\/wp-content\\\/uploads\\\/2018\\\/07\\\/Cursuri-IT-cu-bibliotecarii-soroceni.pdf\",\"wpOptions\":\"true\"}; if(window.DFLIP && window.DFLIP.parseBooks){window.DFLIP.parseBooks();}<\/script><\/span><\/strong><\/span><\/li>\n<li><span style=\"font-family: arial, helvetica, sans-serif; font-size: 10pt;\">\u201e\u00cenva\u021b\u0103-te s\u0103 fii Om\u201d: Program educativ <strong><span style=\"color: #0000ff;\"><div class=\"_df_book df-lite\" id=\"df_2849\"  _slug=\"invata-te-sa-fii-om\" data-title=\"invata-te-sa-fii-om\" wpoptions=\"true\" thumbtype=\"\" ><\/div><script class=\"df-shortcode-script\" nowprocket type=\"application\/javascript\">window.option_df_2849 = {\"outline\":[],\"autoEnableOutline\":\"false\",\"autoEnableThumbnail\":\"false\",\"overwritePDFOutline\":\"false\",\"direction\":\"1\",\"pageSize\":\"0\",\"source\":\"https:\\\/\\\/bp-soroca.md\\\/wp-content\\\/uploads\\\/2018\\\/07\\\/a-fi-Om-e-lucru-mare.pdf\",\"wpOptions\":\"true\"}; if(window.DFLIP && window.DFLIP.parseBooks){window.DFLIP.parseBooks();}<\/script><\/span><\/strong><\/span><\/li>\n<li><span style=\"font-family: arial, helvetica, sans-serif; font-size: 10pt;\">\u201eSoroca\u00a0\u2014 soroceni\u201d: Program de\u00a0valorificare a\u00a0memoriei comunitare<strong><span style=\"color: #0000ff;\"> <div class=\"_df_book df-lite\" id=\"df_2855\"  _slug=\"soroca-soroceni\" data-title=\"soroca-soroceni\" wpoptions=\"true\" thumbtype=\"\" ><\/div><script class=\"df-shortcode-script\" nowprocket type=\"application\/javascript\">window.option_df_2855 = {\"outline\":[],\"autoEnableOutline\":\"false\",\"autoEnableThumbnail\":\"false\",\"overwritePDFOutline\":\"false\",\"direction\":\"1\",\"pageSize\":\"0\",\"source\":\"https:\\\/\\\/bp-soroca.md\\\/wp-content\\\/uploads\\\/2018\\\/07\\\/Soroca-soroceni.pdf\",\"wpOptions\":\"true\"}; if(window.DFLIP && window.DFLIP.parseBooks){window.DFLIP.parseBooks();}<\/script><\/span><\/strong><\/span><\/li>\n<li><span style=\"font-family: arial, helvetica, sans-serif; font-size: 10pt;\">\u201eLectura \u0219i informa\u021bia \u00eenvinge violen\u021ba\u201d: Program educativ <div class=\"_df_book df-lite\" id=\"df_2859\"  _slug=\"lectura-si-informatia-invinge-violenta\" data-title=\"lectura-si-informatia-invinge-violenta\" wpoptions=\"true\" thumbtype=\"\" ><\/div><script class=\"df-shortcode-script\" nowprocket type=\"application\/javascript\">window.option_df_2859 = {\"outline\":[],\"autoEnableOutline\":\"false\",\"autoEnableThumbnail\":\"false\",\"overwritePDFOutline\":\"false\",\"direction\":\"1\",\"pageSize\":\"0\",\"source\":\"https:\\\/\\\/bp-soroca.md\\\/wp-content\\\/uploads\\\/2018\\\/07\\\/Lectura-\\u0219i-informa\\u021bia-\\u00eenvinge-violen\\u021ba.pdf\",\"wpOptions\":\"true\"}; if(window.DFLIP && window.DFLIP.parseBooks){window.DFLIP.parseBooks();}<\/script><\/span><\/li>\n<li><span style=\"font-family: arial, helvetica, sans-serif; font-size: 10pt;\">\u201eAi grij\u0103 de s\u0103n\u0103tatea ta\u201d: Program de cultur\u0103 medical\u0103 <div class=\"_df_book df-lite\" id=\"df_2863\"  _slug=\"2863\" data-title=\"ai-grija-de-sanatatea-ta\" wpoptions=\"true\" thumbtype=\"\" ><\/div><script class=\"df-shortcode-script\" nowprocket type=\"application\/javascript\">window.option_df_2863 = {\"outline\":[],\"autoEnableOutline\":\"false\",\"autoEnableThumbnail\":\"false\",\"overwritePDFOutline\":\"false\",\"direction\":\"1\",\"pageSize\":\"0\",\"source\":\"https:\\\/\\\/bp-soroca.md\\\/wp-content\\\/uploads\\\/2018\\\/07\\\/Ai-grij\\u0103-de-s\\u0103n\\u0103tatea-Ta.pdf\",\"wpOptions\":\"true\"}; if(window.DFLIP && window.DFLIP.parseBooks){window.DFLIP.parseBooks();}<\/script><\/span><\/li>\n<li><span style=\"font-family: arial, helvetica, sans-serif; font-size: 10pt;\">\u201eReferate preferate cu\u00a0ajutorul bibliotecii, Internetului \u0219i tehnicii de\u00a0calcul elaborate\u201d: Program informa\u021bional\u00a0\u2014 educativ<strong><span style=\"color: #0000ff;\"> <div class=\"_df_book df-lite\" id=\"df_2868\"  _slug=\"referate-preferate-cu-ajutorul-tehnicilor-de-calcul-elaborate\" data-title=\"referate-preferate-cu-ajutorul-tehnicilor-de-calcul-elaborate\" wpoptions=\"true\" thumbtype=\"\" ><\/div><script class=\"df-shortcode-script\" nowprocket type=\"application\/javascript\">window.option_df_2868 = {\"outline\":[],\"autoEnableOutline\":\"false\",\"autoEnableThumbnail\":\"false\",\"overwritePDFOutline\":\"false\",\"direction\":\"1\",\"pageSize\":\"0\",\"source\":\"https:\\\/\\\/bp-soroca.md\\\/wp-content\\\/uploads\\\/2018\\\/07\\\/Referate-preferate-cu-ajutorul-tehnicii-de-calcul-elaborate-.pdf\",\"wpOptions\":\"true\"}; if(window.DFLIP && window.DFLIP.parseBooks){window.DFLIP.parseBooks();}<\/script><\/span><\/strong><\/span><\/li>\n<li><span style=\"font-family: arial, helvetica, sans-serif; font-size: 10pt;\">\u201eBanii de buzunar\u201d: Program de educa\u021bie financiar\u0103 <div class=\"_df_book df-lite\" id=\"df_2872\"  _slug=\"bani-de-buzunar\" data-title=\"bani-de-buzunar\" wpoptions=\"true\" thumbtype=\"\" ><\/div><script class=\"df-shortcode-script\" nowprocket type=\"application\/javascript\">window.option_df_2872 = {\"outline\":[],\"autoEnableOutline\":\"false\",\"autoEnableThumbnail\":\"false\",\"overwritePDFOutline\":\"false\",\"direction\":\"1\",\"pageSize\":\"0\",\"source\":\"https:\\\/\\\/bp-soroca.md\\\/wp-content\\\/uploads\\\/2018\\\/07\\\/Bani-de-buzunar.pdf\",\"wpOptions\":\"true\"}; if(window.DFLIP && window.DFLIP.parseBooks){window.DFLIP.parseBooks();}<\/script><\/span><\/li>\n<li><span style=\"font-family: arial, helvetica, sans-serif; font-size: 10pt;\">\u201eCariera Ta \u00eencepe Aici!\u201d: Program educativ<strong><span style=\"color: #0000ff;\"> <div class=\"_df_book df-lite\" id=\"df_2876\"  _slug=\"cariera-ta-de-succes\" data-title=\"cariera-ta-de-succes\" wpoptions=\"true\" thumbtype=\"\" ><\/div><script class=\"df-shortcode-script\" nowprocket type=\"application\/javascript\">window.option_df_2876 = {\"outline\":[],\"autoEnableOutline\":\"false\",\"autoEnableThumbnail\":\"false\",\"overwritePDFOutline\":\"false\",\"direction\":\"1\",\"pageSize\":\"0\",\"source\":\"https:\\\/\\\/bp-soroca.md\\\/wp-content\\\/uploads\\\/2018\\\/07\\\/Cariera-Ta-de-succes.pdf\",\"wpOptions\":\"true\"}; if(window.DFLIP && window.DFLIP.parseBooks){window.DFLIP.parseBooks();}<\/script><\/span><\/strong><\/span><\/li>\n<li><span style=\"font-family: arial, helvetica, sans-serif; font-size: 10pt;\">\u201eMetodologia eviden\u021bei documentelor \u00een bibliotec\u0103\u201d: Program \u00een ajutor bibliotecarului<strong><span style=\"color: #0000ff;\"> <div class=\"_df_book df-lite\" id=\"df_2879\"  _slug=\"metodologia-evidentei-documentelor-de-biblioteca\" data-title=\"metodologia-evidentei-documentelor-de-biblioteca\" wpoptions=\"true\" thumbtype=\"\" ><\/div><script class=\"df-shortcode-script\" nowprocket type=\"application\/javascript\">window.option_df_2879 = {\"outline\":[],\"autoEnableOutline\":\"false\",\"autoEnableThumbnail\":\"false\",\"overwritePDFOutline\":\"false\",\"direction\":\"1\",\"pageSize\":\"0\",\"source\":\"https:\\\/\\\/bp-soroca.md\\\/wp-content\\\/uploads\\\/2018\\\/07\\\/Metodologia-eviden\\u021bei-documentelor-\\u00een-bibliotec\\u0103.pdf\",\"wpOptions\":\"true\"}; if(window.DFLIP && window.DFLIP.parseBooks){window.DFLIP.parseBooks();}<\/script><\/span><\/strong><\/span><\/li>\n<li><span style=\"font-family: arial, helvetica, sans-serif; font-size: 10pt;\">Fantezii culinare <div class=\"_df_book df-lite\" id=\"df_1598\"  _slug=\"fantezii-culinare\" data-title=\"fantezii-culinare\" wpoptions=\"true\" thumbtype=\"\" ><\/div><script class=\"df-shortcode-script\" nowprocket type=\"application\/javascript\">window.option_df_1598 = {\"outline\":[],\"autoEnableOutline\":\"false\",\"autoEnableThumbnail\":\"false\",\"overwritePDFOutline\":\"false\",\"direction\":\"1\",\"pageSize\":\"0\",\"source\":\"http:\\\/\\\/bp-soroca.md\\\/wp-content\\\/uploads\\\/2021\\\/03\\\/fantezii-culinare.pdf\",\"wpOptions\":\"true\"}; if(window.DFLIP && window.DFLIP.parseBooks){window.DFLIP.parseBooks();}<\/script><\/span><\/li>\n<li><span style=\"font-family: arial, helvetica, sans-serif; font-size: 10pt;\">Cum s\u0103 ne prelungim via\u021ba \u00een pofida v\u00e2rstei <div class=\"_df_book df-lite\" id=\"df_1604\"  _slug=\"cum-sa-ne-prelungim-viata-in-pofida-varstei\" data-title=\"cum-sa-ne-prelungim-viata-in-pofida-varstei\" wpoptions=\"true\" thumbtype=\"\" ><\/div><script class=\"df-shortcode-script\" nowprocket type=\"application\/javascript\">window.option_df_1604 = {\"outline\":[],\"autoEnableOutline\":\"false\",\"autoEnableThumbnail\":\"false\",\"overwritePDFOutline\":\"false\",\"direction\":\"1\",\"pageSize\":\"0\",\"source\":\"http:\\\/\\\/bp-soroca.md\\\/wp-content\\\/uploads\\\/2021\\\/03\\\/cum-sa-ne-prelungim-viata-in-pofida-varstei.pdf\",\"wpOptions\":\"true\"}; if(window.DFLIP && window.DFLIP.parseBooks){window.DFLIP.parseBooks();}<\/script><\/span><\/li>\n<li><span style=\"font-family: arial, helvetica, sans-serif; font-size: 10pt;\">C\u0103tre suflet prin frumos <div class=\"_df_book df-lite\" id=\"df_1608\"  _slug=\"catre-suflet-prin-frumos\" data-title=\"catre-suflet-prin-frumos\" wpoptions=\"true\" thumbtype=\"\" ><\/div><script class=\"df-shortcode-script\" nowprocket type=\"application\/javascript\">window.option_df_1608 = {\"outline\":[],\"autoEnableOutline\":\"false\",\"autoEnableThumbnail\":\"false\",\"overwritePDFOutline\":\"false\",\"direction\":\"1\",\"pageSize\":\"0\",\"source\":\"http:\\\/\\\/bp-soroca.md\\\/wp-content\\\/uploads\\\/2021\\\/03\\\/\\u201eC\\u0103tre-suflet-prin-frumos\\u201d.pdf\",\"wpOptions\":\"true\"}; if(window.DFLIP && window.DFLIP.parseBooks){window.DFLIP.parseBooks();}<\/script><\/span><\/li>\n<li><span style=\"font-family: arial, helvetica, sans-serif; font-size: 10pt;\">Biblio 112 <div class=\"_df_book df-lite\" id=\"df_1612\"  _slug=\"biblio-112\" data-title=\"biblio-112\" wpoptions=\"true\" thumbtype=\"\" ><\/div><script class=\"df-shortcode-script\" nowprocket type=\"application\/javascript\">window.option_df_1612 = {\"outline\":[],\"autoEnableOutline\":\"false\",\"autoEnableThumbnail\":\"false\",\"overwritePDFOutline\":\"false\",\"direction\":\"1\",\"pageSize\":\"0\",\"source\":\"http:\\\/\\\/bp-soroca.md\\\/wp-content\\\/uploads\\\/2021\\\/03\\\/biblio-112.pdf\",\"wpOptions\":\"true\"}; if(window.DFLIP && window.DFLIP.parseBooks){window.DFLIP.parseBooks();}<\/script><\/span><\/li>\n<li><span style=\"font-family: arial, helvetica, sans-serif; font-size: 10pt;\">Internet Banking <div class=\"_df_book df-lite\" id=\"df_1616\"  _slug=\"internet-banking\" data-title=\"internet-banking\" wpoptions=\"true\" thumbtype=\"\" ><\/div><script class=\"df-shortcode-script\" nowprocket type=\"application\/javascript\">window.option_df_1616 = {\"outline\":[],\"autoEnableOutline\":\"false\",\"autoEnableThumbnail\":\"false\",\"overwritePDFOutline\":\"false\",\"direction\":\"1\",\"pageSize\":\"0\",\"source\":\"http:\\\/\\\/bp-soroca.md\\\/wp-content\\\/uploads\\\/2021\\\/03\\\/Internet-Banking.pdf\",\"wpOptions\":\"true\"}; if(window.DFLIP && window.DFLIP.parseBooks){window.DFLIP.parseBooks();}<\/script><\/span><\/li>\n<li><span style=\"font-family: arial, helvetica, sans-serif; font-size: 10pt;\">Vacan\u021ba vesel\u0103 la bibliotec\u0103 <div class=\"_df_book df-lite\" id=\"df_1620\"  _slug=\"vacanta-vesela-la-biblioteca\" data-title=\"vacanta-vesela-la-biblioteca\" wpoptions=\"true\" thumbtype=\"\" ><\/div><script class=\"df-shortcode-script\" nowprocket type=\"application\/javascript\">window.option_df_1620 = {\"outline\":[],\"autoEnableOutline\":\"false\",\"autoEnableThumbnail\":\"false\",\"overwritePDFOutline\":\"false\",\"direction\":\"1\",\"pageSize\":\"0\",\"source\":\"http:\\\/\\\/bp-soroca.md\\\/wp-content\\\/uploads\\\/2021\\\/03\\\/vacanta-vesela-la-biblioteca.pdf\",\"wpOptions\":\"true\"}; if(window.DFLIP && window.DFLIP.parseBooks){window.DFLIP.parseBooks();}<\/script><\/span><\/li>\n<li><span style=\"font-family: arial, helvetica, sans-serif; font-size: 10pt;\">V\u00e2rsta de aur <div class=\"_df_book df-lite\" id=\"df_2884\"  _slug=\"varsta-de-aur\" data-title=\"varsta-de-aur\" wpoptions=\"true\" thumbtype=\"\" ><\/div><script class=\"df-shortcode-script\" nowprocket type=\"application\/javascript\">window.option_df_2884 = {\"outline\":[],\"autoEnableOutline\":\"false\",\"autoEnableThumbnail\":\"false\",\"overwritePDFOutline\":\"false\",\"direction\":\"1\",\"pageSize\":\"0\",\"source\":\"https:\\\/\\\/bp-soroca.md\\\/wp-content\\\/uploads\\\/2023\\\/06\\\/varsta-de-aur-2.pdf\",\"wpOptions\":\"true\"}; if(window.DFLIP && window.DFLIP.parseBooks){window.DFLIP.parseBooks();}<\/script><\/span><\/li>\n<\/ul>","protected":false},"excerpt":{"rendered":"<p>Views: 773 Clubul amatorilor de\u00a0flori \u201eFloarea albastr\u0103\u201d: http:\/\/floarealbastrasoroca.wordpress.com\/ Cursuri de\u00a0instruire\u00a0IT cu\u00a0bibliotecarii: \u201e\u00cenva\u021b\u0103-te s\u0103 fii Om\u201d: Program educativ \u201eSoroca\u00a0\u2014 soroceni\u201d: Program de\u00a0valorificare a\u00a0memoriei comunitare \u201eLectura \u0219i informa\u021bia \u00eenvinge violen\u021ba\u201d: Program educativ \u201eAi grij\u0103 de s\u0103n\u0103tatea ta\u201d: Program de cultur\u0103 medical\u0103 \u201eReferate preferate cu\u00a0ajutorul bibliotecii, Internetului \u0219i tehnicii de\u00a0calcul elaborate\u201d: Program informa\u021bional\u00a0\u2014 educativ \u201eBanii de buzunar\u201d: Program &hellip; <a href=\"https:\/\/bp-soroca.md\/index.php\/servicii\/\" class=\"more-link\">Continu\u0103 lectura<span class=\"screen-reader-text\"> \u201eServicii\u201d<\/span><\/a><\/p>\n","protected":false},"author":1,"featured_media":0,"parent":0,"menu_order":0,"comment_status":"closed","ping_status":"closed","template":"","meta":{"footnotes":""},"class_list":["post-96","page","type-page","status-publish","hentry"],"jetpack-related-posts":[],"jetpack_shortlink":"https:\/\/wp.me\/PeU1WV-1y","jetpack_sharing_enabled":true,"_links":{"self":[{"href":"https:\/\/bp-soroca.md\/index.php\/wp-json\/wp\/v2\/pages\/96","targetHints":{"allow":["GET"]}}],"collection":[{"href":"https:\/\/bp-soroca.md\/index.php\/wp-json\/wp\/v2\/pages"}],"about":[{"href":"https:\/\/bp-soroca.md\/index.php\/wp-json\/wp\/v2\/types\/page"}],"author":[{"embeddable":true,"href":"https:\/\/bp-soroca.md\/index.php\/wp-json\/wp\/v2\/users\/1"}],"replies":[{"embeddable":true,"href":"https:\/\/bp-soroca.md\/index.php\/wp-json\/wp\/v2\/comments?post=96"}],"version-history":[{"count":22,"href":"https:\/\/bp-soroca.md\/index.php\/wp-json\/wp\/v2\/pages\/96\/revisions"}],"predecessor-version":[{"id":5847,"href":"https:\/\/bp-soroca.md\/index.php\/wp-json\/wp\/v2\/pages\/96\/revisions\/5847"}],"wp:attachment":[{"href":"https:\/\/bp-soroca.md\/index.php\/wp-json\/wp\/v2\/media?parent=96"}],"curies":[{"name":"wp","href":"https:\/\/api.w.org\/{rel}","templated":true}]}}